1?
False
Does 249 divide 375243?
True
Is 574035 a multiple of 21?
True
Is 618138 a multiple of 6?
True
Does 8 divide 172232?
True
Is 100335 a multiple of 20?
False
Does 105 divide 34230?
True
Does 51 divide 185521?
False
Is 74 a factor of 5743436?
True
Is 42 a factor of 171486?
True
Does 16 divide 5104?
True
Does 21 divide 713160?
True
Is 1994382 a multiple of 21?
False
Is 200 a factor of 238305?
False
Is 12 a factor of 493796?
False
Does 18 divide 5087479?
False
Is 377 a factor of 553697?
False
Does 112 divide 18368?
True
Does 52 divide 103735?
False
Is 603988 a multiple of 17?
False
Does 22 divide 5479760?
True
Does 192 divide 2742126?
False
Does 12 divide 395697?
False
Does 17 divide 30183?
False
Is 119 a factor of 9851104?
False
Is 18480 a multiple of 264?
True
Does 9 divide 71205?
False
Is 94 a factor of 3395655?
False
Is 48 a factor of 108144?
True
Is 632 a factor of 2610792?
True
Is 300 a factor of 71700?
True
Does 879 divide 1181247?
False
Is 5014866 a multiple of 81?
False
Is 15 a factor of 151185?
True
Is 14 a factor of 1166438?
True
Does 13 divide 8114379?
True
Is 2181988 a multiple of 1082?
False
Is 224289 a multiple of 19?
False
Does 16 divide 25564?
False
Does 56 divide 196840?
True
Does 264 divide 875688?
True
Is 7 a factor of 34677?
False
Is 15 a factor of 15150405?
True
Does 51 divide 435336?
True
Is 194387 a multiple of 41?
False
Is 484 a factor of 508200?
True
Does 12 divide 15590676?
True
Does 13 divide 2192320?
True
Does 936 divide 16052400?
True
Is 580776 a multiple of 184?
False
Is 8755725 a multiple of 25?
True
Is 72 a factor of 1293264?
True
Is 123 a factor of 403194?
True
Does 15 divide 655178?
False
Is 50499 a multiple of 120?
False
Does 2 divide 185726?
True
Is 768702 a multiple of 33?
True
Does 10 divide 213791?
False
Does 12 divide 2870784?
True
Does 13 divide 491960?
False
Is 3645428 a multiple of 136?
False
Does 119 divide 477785?
True
Is 703764 a multiple of 346?
True
Is 39867 a multiple of 97?
True
Does 3 divide 1235026?
False
Is 2236734 a multiple of 27?
True
Does 73 divide 447526?
False
Is 74840 a multiple of 40?
True
Is 3 a factor of 14514?
True
Does 13 divide 3513289?
True
Is 5 a factor of 409523?
False
Is 33 a factor of 113421?
True
Is 21 a factor of 3602424?
True
Is 136 a factor of 997424?
True
Does 21 divide 739767?
True
Is 108 a factor of 62316?
True
Does 128 divide 2705152?
True
Does 64 divide 90101?
False
Is 157 a factor of 3222868?
False
Is 1244776 a multiple of 13?
True
Is 3412192 a multiple of 306?
False
Does 298 divide 1168099?
False
Is 76 a factor of 578588?
True
Is 582 a factor of 12491573?
False
Does 184 divide 3766?
False
Does 191 divide 5701923?
True
Is 14 a factor of 74704?
True
Is 23 a factor of 3114545?
True
Does 7 divide 8556618?
True
Does 23 divide 20436029?
True
Is 242 a factor of 218768?
True
Is 7 a factor of 66682?
True
Is 96 a factor of 62676?
False
Is 764410 a multiple of 136?
False
Is 767523 a multiple of 608?
False
Is 202 a factor of 759116?
True
Does 10 divide 100849?
False
Does 63 divide 27531?
True
Is 1190733 a multiple of 6?
False
Is 240766 a multiple of 26?
False
Is 412 a factor of 72871?
False
Is 2 a factor of 2820?
True
Does 53 divide 20269261?
False
Is 86 a factor of 16423?
False
Does 93 divide 12741?
True
Is 601563 a multiple of 9?
False
Is 57 a factor of 8949?
True
Is 119 a factor of 772722?
False
Is 59565 a multiple of 57?
True
Does 39 divide 177801?
True
Does 61 divide 71865?
False
Is 1008992 a multiple of 14?
False
Is 45 a factor of 1405350?
True
Does 10 divide 29736?
False
Is 428 a factor of 593496?
False
Does 106 divide 243740?
False
Does 5 divide 14416?
False
Does 10 divide 61885?
False
Does 15 divide 7616249?
False
Is 15000544 a multiple of 52?
True
Does 14 divide 854708?
False
Is 14 a factor of 221802?
True
Does 77 divide 211893?
False
Is 97 a factor of 195358?
True
Is 1699932 a multiple of 884?
True
Is 164 a factor of 175644?
True
Is 1973055 a multiple of 19?
True
Is 2083134 a multiple of 166?
True
Does 92 divide 62928?
True
Is 208 a factor of 2865616?
True
Is 5261508 a multiple of 1410?
False
Is 26 a factor of 352950?
True
Is 65 a factor of 333710?
True
Is 9 a factor of 3231244?
False
Is 158 a factor of 48577?
False
Is 230180 a multiple of 428?
False
Does 10 divide 2798330?
True
Does 195 divide 432315?
True
Is 526422 a multiple of 26?
True
Does 181 divide 52299?
False
Is 86 a factor of 1642944?
True
Is 477119 a multiple of 17?
False
Does 67 divide 470218?
False
Does 36 divide 149517?
False
Is 8048491 a multiple of 11?
True
Is 1789460 a multiple of 25?
False
Does 16 divide 28672?
True
Is 668620 a multiple of 12?
False
Is 47 a factor of 754670?
False
Does 21 divide 149325?
False
Is 218790 a multiple of 34?
True
Is 113150 a multiple of 47?
False
Is 23 a factor of 399142?
True
Does 161 divide 833819?
True
Does 3 divide 2875?
False
Is 4 a factor of 709796?
True
Is 79 a factor of 2270202?
False
Is 272 a factor of 545904?
True
Does 893 divide 1468026?
False
Is 210775 even?
False
Is 9 a factor of 1066221?
True
Is 124 a factor of 15500?
True
Does 150 divide 6729600?
True
Is 14 a factor of 1847180?
False
Is 381491 a multiple of 469?
False
Is 1777440 a multiple of 24?
True
Is 34 a factor of 7344?
True
Is 157 a factor of 2811588?
False
Is 507872 a multiple of 472?
True
Does 9 divide 43956?
True
Is 11680109 a multiple of 23?
False
Is 920 a factor of 48095?
False
Does 8 divide 23628?
False
Is 5 a factor of 562030?
True
Does 374 divide 187374?
True
Is 174 a factor of 31668?
True
Is 170 a factor of 552330?
True
Does 50 divide 61350?
True
Is 2938613 a multiple of 2?
False
Is 154736 a multiple of 152?
True
Is 6660 a multiple of 15?
True
Does 1639 divide 15935997?
True
Is 20 a factor of 3633708?
False
Does 7 divide 281023?
False
Does 258 divide 398043?
False
Does 92 divide 19584684?
True
Does 50 divide 236170?
False
Is 256272 a multiple of 456?
True
Does 219 divide 579255?
True
Is 106 a factor of 820758?
True
Does 2 divide 1026421?
False
Is 195 a factor of 848057?
False
Does 1695 divide 32930845?
False
Is 7 a factor of 113421?
True
Is 36 a factor of 326419?
False
Is 17773629 a multiple of 27?
False
Is 25063 a multiple of 10?
False
Does 37 divide 90835?
True
Is 214 a factor of 208008?
True
Does 153 divide 705796?
False
Is 44 a factor of 741087?
False
Is 7181951 a multiple of 137?
True
Is 389 a factor of 122438?
False
Is 726 a factor of 18041100?
True
Is 53 a factor of 2472450?
True
Is 15288 a multiple of 24?
True
Does 14 divide 21322?
True
Is 1835 a multiple of 68?
False
Is 11 a factor of 17864?
True
Is 26 a factor of 2291529?
False
Is 140 a factor of 171640?
True
Is 143 a factor of 5320029?
True
Is 120960 a multiple of 120?
True
Is 52271 a multiple of 24?
False
Does 8 divide 10859011?
False
Is 182 a factor of 759486?
True
Does 62 divide 217062?
True
Is 88746 a multiple of 51?
False
Is 144 a factor of 9504?
True
Does 37 divide 209568?
True
Is 43 a factor of 68953?
False
Is 65 a factor of 280440?
False
Does 49 divide 425859?
True
Is 339 a factor of 1820603?
False
Is 162068 a multiple of 174?
False
Does 3 divide 632620?
False
Does 440 divide 7288160?
True
Is 31126965 a multiple of 15?
True
Is 8630759 a multiple of 266?
False
Is 44 a factor of 244354?
False
Does 12 divide 576777?
False
Is 1586004 a multiple of 553?
True
Does 34 divide 1047423?
False
Is 148 a factor of 8607088?
True
Does 97 divide 11644249?
False
Is 9 a factor of 2827745?
False
Is 3 a factor of 344532?
True
Does 65 divide 47863?
False
Is 211 a factor of 1417297?
False
Is 1390400 a multiple of 22?
True
Is 498593 a multiple of 139?
True
Does 103 divide 474933?
True
Is 6462605 a multiple of 905?
True
Is 34 a factor of 251226?
True
Is 827 a factor of 597590?
False
Is 28 a factor of 9439?
False
Is 46 a factor of 22170896?
True
Is 474 a factor of 248412?
False
Is 7 a factor of 113019?
False
Is 233 a factor of 9793703?
False
Is 69 a factor of 624942?
False
Does 16 divide 106543?
False
Is 17 a factor of 37009?
True
Is 2829750 a multiple of 150?
True
Is 1171452 a multiple of 52?
False
Is 537 a factor of 21454328?
False
Is 36 a factor of 5623453?
False
Is 17 a factor of 40154?
True
Is 14 a factor of 133952?
True
Is 26 a factor of 3436186?
True
Is 9 a factor of 14041?
False
Is 497880 a multiple of 29?
False
Is 63 a factor 